{"id":88,"date":"2023-02-08T10:39:47","date_gmt":"2023-02-08T10:39:47","guid":{"rendered":"http:\/\/localhost:8080\/?page_id=88"},"modified":"2025-03-28T15:28:38","modified_gmt":"2025-03-28T15:28:38","slug":"home","status":"publish","type":"page","link":"https:\/\/suri.epfl.ch\/?page_id=88","title":{"rendered":"SuRI &#8217;24"},"content":{"rendered":"\n<figure class=\"wp-block-image alignfull size-large has-custom-border bigImage\" id=\"start\"><img decoding=\"async\" src=\"\/wp-content\/uploads\/2023\/02\/cropped-cover2023.jpg\" alt=\"\" style=\"border-style:none;border-width:0px;border-radius:0px\"\/><\/figure>\n\n\n\n<header class=\"wp-block-group alignwide is-layout-constrained wp-block-group-is-layout-constrained\" style=\"padding-top:var(--wp--preset--spacing--60)\">\n<h4 class=\"wp-block-heading has-text-align-center is-style-default\">EPFL School of Computer and Communication Sciences<\/h4>\n\n\n\n<h1 class=\"wp-block-heading has-text-align-center is-style-default\">Summer Research Institute 2024<\/h1>\n\n\n\n<h4 class=\"wp-block-heading has-text-align-center\">on Systems, Security, and Privacy<\/h4>\n\n\n\n<p class=\"has-text-align-center\">July 11th \u2013 July 12th 2024<\/p>\n<\/header>\n\n\n\n<div id=\"overview\" class=\"wp-block-group is-layout-constrained wp-block-group-is-layout-constrained\">\n<h2 class=\"wp-block-heading has-text-align-center\">Overview<\/h2>\n\n\n\n<p class=\"has-text-align-center is-style-default\">The&nbsp;<strong>Research Institute (SuRI)<\/strong>&nbsp;is an annual event that takes place at the&nbsp;<a href=\"https:\/\/www.epfl.ch\/schools\/ic\/\">School of Computer and Communication Sciences<\/a>&nbsp;of the&nbsp;<a href=\"https:\/\/www.epfl.ch\/fr\/\">\u00c9cole polytechnique f\u00e9d\u00e9rale de Lausanne<\/a>, Switzerland. The workshop brings together researchers and experts from academia and industry for research talks and informal discussions.<\/p>\n\n\n\n<p class=\"has-text-align-center\">The event is&nbsp;<strong>open to everyone<\/strong>&nbsp;and attendance is&nbsp;<strong>free of charge<\/strong>. <br>In case you plan to attend SuRI 2024, please register to facilitate the event&#8217;s organization. Registration covers attendance, coffee breaks, lunches, and dinner on the first day. <\/p>\n\n\n\n<div class=\"wp-block-buttons is-vertical is-content-justification-center is-layout-flex wp-container-core-buttons-is-layout-823dd1b6 wp-block-buttons-is-layout-flex\" id=\"registration\" style=\"margin-top:var(--wp--preset--spacing--30);margin-bottom:var(--wp--preset--spacing--30)\">\n<div class=\"wp-block-button is-style-outline is-style-outline--1\"><a class=\"wp-block-button__link has-font-color has-background-background-color has-text-color has-background has-link-color wp-element-button\" style=\"border-style:solid;border-width:1px\"><em>Registration is now closed<\/em><\/a><\/div>\n\n\n\n<div class=\"wp-block-button is-style-outline is-style-outline--2\"><a class=\"wp-block-button__link has-font-color has-background-background-color has-text-color has-background has-link-color wp-element-button\" style=\"border-width:1px\"><em>Phd student fellowship application is now closed<\/em><\/a><\/div>\n<\/div>\n\n\n\n<p class=\"has-text-align-center\" style=\"margin-bottom:var(--wp--preset--spacing--60)\"> Registration to participate is now closed. If you would like to be informed &#8220;last-minute&#8221; if we have any cancellations, please enter your contact details <a href=\"https:\/\/forms.gle\/WWSbAmoN5bhitV6RA\"><strong>here<\/strong><\/a>.<\/p>\n<\/div>\n\n\n\n<div class=\"wp-block-group alignfull is-layout-constrained wp-container-core-group-is-layout-01938732 wp-block-group-is-layout-constrained\" style=\"padding-top:var(--wp--preset--spacing--80);padding-right:0;padding-bottom:var(--wp--preset--spacing--80);padding-left:0\">\n<h2 class=\"wp-block-heading has-text-align-center\">Detailed Program<\/h2>\n\n\n\n<p class=\"has-text-align-center has-dark-muted-color has-text-color has-link-color has-normal-font-size wp-elements-e553cfd32aaa284fd358e71f1f35286a\">Room location: BC Building\/ BC 05<\/p>\n\n\n\n<h3 class=\"wp-block-heading has-text-align-center\">Thursday, July 11th<\/h3>\n\n\n\n<div class=\"wp-block-group is-layout-constrained wp-container-core-group-is-layout-3c78eaea wp-block-group-is-layout-constrained\">\n<figure class=\"wp-block-table is-style-stripes\"><table><tbody><tr><td>8:15 &#8211; 8:45<\/td><td>Welcome coffee<\/td><td><\/td><\/tr><tr><td><\/td><td><strong>Session: Diving into Security<\/strong><\/td><td><\/td><\/tr><tr><td>9:00 &#8211; 9:50<\/td><td>Patrick Traynor<\/td><td>System and HW Security<\/td><\/tr><tr><td>9:50 &#8211; 10:20<\/td><td>BREAK<\/td><td><\/td><\/tr><tr><td><\/td><td><strong>Session: Privacy and architectures<\/strong><\/td><td><\/td><\/tr><tr><td>10:20 &#8211; 11:00<\/td><td>Reza Shokri<\/td><td>ML privacy<\/td><\/tr><tr><td>11:00 &#8211; 11:50<\/td><td>Kaveh Razavi<\/td><td>Micro-architectures<\/td><\/tr><tr><td>12:00 &#8211; 13:15<\/td><td>LUNCH\/ Coffee<\/td><td><\/td><\/tr><tr><td><\/td><td><strong>Session: Mentoring<\/strong><\/td><td><\/td><\/tr><tr><td>13:15 &#8211; 15:00<\/td><td>Mentoring <\/td><td><\/td><\/tr><tr><td><\/td><td><strong>Session: Systems and firmwares<\/strong><\/td><td><\/td><\/tr><tr><td>15:00 &#8211; 15:50<\/td><td>Yan Shoshitaishvili<\/td><td>System security\/ Readiness<\/td><\/tr><tr><td>15:50 &#8211; 16:40<\/td><td>Alyssa Milburn<\/td><td>Firmware\/ SoC security<\/td><\/tr><tr><td>17:00 &#8211; 18:30<\/td><td>Poster session and drinks<\/td><td>Atrium BC<\/td><\/tr><tr><td>from 18:30<\/td><td>Pizza on the patio<\/td><td>on the patio<\/td><\/tr><\/tbody><\/table><\/figure>\n<\/div>\n\n\n\n<h3 class=\"wp-block-heading has-text-align-center\">Friday, July 12th<\/h3>\n\n\n\n<div class=\"wp-block-group is-layout-constrained wp-container-core-group-is-layout-3c78eaea wp-block-group-is-layout-constrained\">\n<figure class=\"wp-block-table is-style-stripes\"><table><tbody><tr><td>8:30 &#8211; 9:00<\/td><td>Morning coffee<\/td><td><\/td><\/tr><tr><td><\/td><td><strong>Session: Applied crypto and attacks<\/strong><\/td><td><\/td><\/tr><tr><td>9:00 &#8211; 9:50<\/td><td>Alexandra Henzinger<\/td><td>Applied Crypto Systems<\/td><\/tr><tr><td>9:50 &#8211; 10:40<\/td><td>Anwar Hithnawi<\/td><td>Applied Crypto and Privacy<\/td><\/tr><tr><td>10:40 &#8211; 11:00<\/td><td>BREAK<\/td><td><\/td><\/tr><tr><td><\/td><td><strong>Session: Real-World Security +<\/strong> <strong>Usability<\/strong><\/td><td><\/td><\/tr><tr><td>11:00 &#8211; 11:50<\/td><td>Soheil Khodayari<\/td><td>Web Security<\/td><\/tr><tr><td>11:50 &#8211; 12:40<\/td><td>Sebastian K\u00f6hler<\/td><td>Wireless Attacks<\/td><\/tr><tr><td>12:40 &#8211; 13:30<\/td><td>McKenna McCall<\/td><td>Formal Methods\/Usable Sec<\/td><\/tr><tr><td>from 13:30<\/td><td><strong>LUNCH\/ Coffee and Farewell<\/strong><\/td><td><\/td><\/tr><\/tbody><\/table><\/figure>\n<\/div>\n\n\n\n<p><\/p>\n\n\n\n<h2 class=\"wp-block-heading has-text-align-center\">Invited Speakers<\/h2>\n\n\n\n<div class=\"wp-block-group is-content-justification-center is-nowrap is-layout-flex wp-container-core-group-is-layout-94bc23d7 wp-block-group-is-layout-flex\">\n<div class=\"wp-block-group has-light-background-color has-background is-vertical is-content-justification-center is-layout-flex wp-container-core-group-is-layout-4b2eccd6 wp-block-group-is-layout-flex\">\n<figure class=\"wp-block-image size-full is-resized\"><img loading=\"lazy\" decoding=\"async\" width=\"220\" height=\"222\" src=\"https:\/\/suri.epfl.ch\/wp-content\/uploads\/2024\/04\/Alexandra-Henzinger.jpg\" alt=\"\" class=\"wp-image-1091\" style=\"width:149px;height:auto\" srcset=\"https:\/\/suri.epfl.ch\/wp-content\/uploads\/2024\/04\/Alexandra-Henzinger.jpg 220w, https:\/\/suri.epfl.ch\/wp-content\/uploads\/2024\/04\/Alexandra-Henzinger-150x150.jpg 150w\" sizes=\"auto, (max-width: 220px) 100vw, 220px\" \/><\/figure>\n\n\n\n<p class=\"has-text-align-center has-dark-muted-color has-text-color has-link-color wp-elements-93eeffaaa811bb250b820e320e46aa3c\">Alexandra Henzinger<br>MIT<\/p>\n<\/div>\n\n\n\n<div class=\"wp-block-group has-light-background-color has-background is-vertical is-content-justification-center is-layout-flex wp-container-core-group-is-layout-4b2eccd6 wp-block-group-is-layout-flex\">\n<figure class=\"wp-block-image size-full is-resized\"><img loading=\"lazy\" decoding=\"async\" width=\"96\" height=\"128\" src=\"https:\/\/suri.epfl.ch\/wp-content\/uploads\/2024\/04\/AnwarHithnawi.jpg\" alt=\"\" class=\"wp-image-1095\" style=\"width:113px;height:auto\"\/><\/figure>\n\n\n\n<p class=\"has-text-align-center has-dark-muted-color has-text-color has-link-color wp-elements-aec1b56b945bae1b4deb6dc17b533b31\">Anwar Hithnawi<br>ETHZ<\/p>\n<\/div>\n\n\n\n<div class=\"wp-block-group has-light-background-color has-background is-vertical is-content-justification-center is-layout-flex wp-container-core-group-is-layout-4b2eccd6 wp-block-group-is-layout-flex\">\n<figure class=\"wp-block-image size-full is-resized\"><img loading=\"lazy\" decoding=\"async\" width=\"128\" height=\"128\" src=\"https:\/\/suri.epfl.ch\/wp-content\/uploads\/2024\/04\/SoheilKhodayari.jpg\" alt=\"\" class=\"wp-image-1102\" style=\"width:151px;height:auto\"\/><\/figure>\n\n\n\n<p class=\"has-text-align-center has-dark-muted-color has-text-color has-link-color wp-elements-878848a9f3f5ad68f5e56095996f1304\">Soheil Khodayari<br>CISPA<\/p>\n<\/div>\n\n\n\n<div class=\"wp-block-group has-light-background-color has-background is-vertical is-content-justification-center is-layout-flex wp-container-core-group-is-layout-4b2eccd6 wp-block-group-is-layout-flex\">\n<figure class=\"wp-block-image size-full is-resized\"><img loading=\"lazy\" decoding=\"async\" width=\"819\" height=\"547\" src=\"https:\/\/suri.epfl.ch\/wp-content\/uploads\/2024\/04\/Sebastian-Koehler2.jpeg\" alt=\"\" class=\"wp-image-1089\" style=\"width:225px;height:auto\" srcset=\"https:\/\/suri.epfl.ch\/wp-content\/uploads\/2024\/04\/Sebastian-Koehler2.jpeg 819w, https:\/\/suri.epfl.ch\/wp-content\/uploads\/2024\/04\/Sebastian-Koehler2-300x200.jpeg 300w, https:\/\/suri.epfl.ch\/wp-content\/uploads\/2024\/04\/Sebastian-Koehler2-768x513.jpeg 768w\" sizes=\"auto, (max-width: 819px) 100vw, 819px\" \/><\/figure>\n\n\n\n<p class=\"has-text-align-center has-dark-muted-color has-text-color has-link-color wp-elements-c73b7b053544b11713e1acb2e1cab848\">Sebastian Koehler<br>Oxford<\/p>\n<\/div>\n<\/div>\n\n\n\n<div class=\"wp-block-group is-content-justification-center is-nowrap is-layout-flex wp-container-core-group-is-layout-e1a27aa3 wp-block-group-is-layout-flex\" style=\"padding-top:var(--wp--preset--spacing--50);padding-bottom:var(--wp--preset--spacing--50)\">\n<div class=\"wp-block-group has-dark-muted-color has-light-background-color has-text-color has-background has-link-color wp-elements-a07bcc77dea1746eec1c1d4ad3056f90 is-vertical is-content-justification-center is-layout-flex wp-container-core-group-is-layout-4b2eccd6 wp-block-group-is-layout-flex\">\n<figure class=\"wp-block-image size-full is-resized\"><img loading=\"lazy\" decoding=\"async\" width=\"128\" height=\"85\" src=\"https:\/\/suri.epfl.ch\/wp-content\/uploads\/2024\/04\/ClementineMaurice.jpg\" alt=\"\" class=\"wp-image-1096\" style=\"width:191px;height:auto\"\/><\/figure>\n\n\n\n<p class=\"has-text-align-center\">Cl\u00e9mentine Maurice<br>CRNS<\/p>\n<\/div>\n\n\n\n<div class=\"wp-block-group has-light-background-color has-background is-vertical is-content-justification-center is-layout-flex wp-container-core-group-is-layout-4b2eccd6 wp-block-group-is-layout-flex\">\n<figure class=\"wp-block-image size-full\"><img loading=\"lazy\" decoding=\"async\" width=\"119\" height=\"128\" src=\"https:\/\/suri.epfl.ch\/wp-content\/uploads\/2024\/04\/McKennaMcCall.jpg\" alt=\"\" class=\"wp-image-1099\"\/><\/figure>\n\n\n\n<p class=\"has-text-align-center has-dark-muted-color has-text-color has-link-color wp-elements-c96929bb74b3d786aa1df7570c4b2ae5\">McKenna McCall<br>CMU<\/p>\n<\/div>\n\n\n\n<div class=\"wp-block-group has-light-background-color has-background is-vertical is-content-justification-center is-layout-flex wp-container-core-group-is-layout-4b2eccd6 wp-block-group-is-layout-flex\">\n<figure class=\"wp-block-image size-full\"><img loading=\"lazy\" decoding=\"async\" width=\"136\" height=\"125\" src=\"https:\/\/suri.epfl.ch\/wp-content\/uploads\/2024\/04\/AlyssaMilburn.jpg\" alt=\"\" class=\"wp-image-1094\"\/><\/figure>\n\n\n\n<p class=\"has-text-align-center has-dark-muted-color has-text-color has-link-color wp-elements-2ba3299c842fe287407aca6e33cdada3\">Alyssa Milburn<br>Intel<\/p>\n<\/div>\n\n\n\n<div class=\"wp-block-group has-light-background-color has-background is-vertical is-content-justification-center is-layout-flex wp-container-core-group-is-layout-4b2eccd6 wp-block-group-is-layout-flex\">\n<figure class=\"wp-block-image size-full\"><img loading=\"lazy\" decoding=\"async\" width=\"128\" height=\"128\" src=\"https:\/\/suri.epfl.ch\/wp-content\/uploads\/2024\/04\/KavehRazavi.jpg\" alt=\"\" class=\"wp-image-1097\"\/><\/figure>\n\n\n\n<p class=\"has-text-align-center has-dark-muted-color has-text-color has-link-color wp-elements-e74245dab40cf7446860b65c2dd4a586\">Kaveh Razavi<br>ETHZ<\/p>\n<\/div>\n<\/div>\n\n\n\n<div class=\"wp-block-group is-content-justification-center is-nowrap is-layout-flex wp-container-core-group-is-layout-94bc23d7 wp-block-group-is-layout-flex\">\n<div class=\"wp-block-group has-light-background-color has-background is-vertical is-content-justification-center is-layout-flex wp-container-core-group-is-layout-4b2eccd6 wp-block-group-is-layout-flex\">\n<figure class=\"wp-block-image size-full\"><img loading=\"lazy\" decoding=\"async\" width=\"128\" height=\"128\" src=\"https:\/\/suri.epfl.ch\/wp-content\/uploads\/2024\/04\/Reza-Shokri.jpg\" alt=\"\" class=\"wp-image-1101\"\/><\/figure>\n\n\n\n<p class=\"has-text-align-center has-dark-muted-color has-text-color has-link-color wp-elements-15163fbabb1f7f3696a5f16f3424d8cd\">Reza Shokri<br>NUS<\/p>\n<\/div>\n\n\n\n<div class=\"wp-block-group has-light-background-color has-background is-vertical is-layout-flex wp-container-core-group-is-layout-8cf370e7 wp-block-group-is-layout-flex\">\n<figure class=\"wp-block-image size-full is-resized\"><img loading=\"lazy\" decoding=\"async\" width=\"460\" height=\"460\" src=\"https:\/\/suri.epfl.ch\/wp-content\/uploads\/2024\/04\/YanShoshitaishvili.jpg\" alt=\"\" class=\"wp-image-1088\" style=\"width:128px;height:auto\" srcset=\"https:\/\/suri.epfl.ch\/wp-content\/uploads\/2024\/04\/YanShoshitaishvili.jpg 460w, https:\/\/suri.epfl.ch\/wp-content\/uploads\/2024\/04\/YanShoshitaishvili-300x300.jpg 300w, https:\/\/suri.epfl.ch\/wp-content\/uploads\/2024\/04\/YanShoshitaishvili-150x150.jpg 150w\" sizes=\"auto, (max-width: 460px) 100vw, 460px\" \/><\/figure>\n\n\n\n<p class=\"has-text-align-center has-dark-muted-color has-text-color has-link-color wp-elements-444be73ef98ff824826ccace0484da4d\">Yan Shoshitaishvili<br>ASU<\/p>\n<\/div>\n\n\n\n<div class=\"wp-block-group has-light-background-color has-background is-vertical is-content-justification-center is-layout-flex wp-container-core-group-is-layout-4b2eccd6 wp-block-group-is-layout-flex\">\n<figure class=\"wp-block-image size-full is-resized\"><img loading=\"lazy\" decoding=\"async\" width=\"128\" height=\"86\" src=\"https:\/\/suri.epfl.ch\/wp-content\/uploads\/2024\/04\/PatrickTraynor.jpg\" alt=\"\" class=\"wp-image-1100\" style=\"width:189px;height:auto\"\/><\/figure>\n\n\n\n<p class=\"has-text-align-center has-dark-muted-color has-text-color has-link-color wp-elements-5e365ce38537b3890b0bc0c12567d78b\">Patrick Traynor<br>U of Florida<\/p>\n<\/div>\n<\/div>\n<\/div>\n\n\n\n<div class=\"wp-block-group alignfull has-background is-layout-constrained wp-container-core-group-is-layout-01938732 wp-block-group-is-layout-constrained\" id=\"organizers\" style=\"background-color:#f5fafa;padding-top:var(--wp--preset--spacing--80);padding-right:0;padding-bottom:var(--wp--preset--spacing--80);padding-left:0\">\n<h2 class=\"wp-block-heading has-text-align-center\">Organizers<\/h2>\n\n\n\n<figure class=\"wp-block-gallery has-nested-images columns-default is-cropped wp-block-gallery-3 is-layout-flex wp-block-gallery-is-layout-flex\">\n<figure class=\"wp-block-image size-large\"><img decoding=\"async\" src=\"\/wp-content\/uploads\/2023\/02\/jean-pierre-hubaux.jpg\" alt=\"\"\/><figcaption class=\"wp-element-caption\"><a href=\"https:\/\/people.epfl.ch\/jean-pierre.hubaux\" target=\"_blank\" rel=\"noreferrer noopener\">Jean-Pierre Hubaux<\/a><\/figcaption><\/figure>\n\n\n\n<figure class=\"wp-block-image size-large\"><img decoding=\"async\" src=\"\/wp-content\/uploads\/2023\/02\/bryan-ford.jpg\" alt=\"\"\/><figcaption class=\"wp-element-caption\"><a href=\"https:\/\/people.epfl.ch\/bryan.ford\" target=\"_blank\" rel=\"noreferrer noopener\">Bryan Ford<\/a><\/figcaption><\/figure>\n\n\n\n<figure class=\"wp-block-image size-large\"><img decoding=\"async\" src=\"\/wp-content\/uploads\/2023\/02\/carmela-troncoso.jpg\" alt=\"\"\/><figcaption class=\"wp-element-caption\"><a href=\"https:\/\/people.epfl.ch\/carmela.troncoso\" target=\"_blank\" rel=\"noreferrer noopener\">Carmela Troncoso<\/a><\/figcaption><\/figure>\n\n\n\n<figure class=\"wp-block-image size-large\"><img decoding=\"async\" src=\"\/wp-content\/uploads\/2023\/02\/mathias-payer.jpg\" alt=\"\"\/><figcaption class=\"wp-element-caption\"><a href=\"https:\/\/people.epfl.ch\/mathias.payer\" target=\"_blank\" rel=\"noreferrer noopener\">Mathias Payer<\/a><\/figcaption><\/figure>\n\n\n\n<figure class=\"wp-block-image size-large\"><img decoding=\"async\" src=\"\/wp-content\/uploads\/2023\/02\/alessandro-chiesa.jpg\" alt=\"\"\/><figcaption class=\"wp-element-caption\"><a href=\"https:\/\/people.epfl.ch\/alessandro.chiesa\" target=\"_blank\" rel=\"noreferrer noopener\">Alessandro Chiesa<\/a><\/figcaption><\/figure>\n\n\n\n<figure class=\"wp-block-image size-large\"><img decoding=\"async\" src=\"\/wp-content\/uploads\/2023\/02\/sandra-hunsch.jpg\" alt=\"\"\/><figcaption class=\"wp-element-caption\"><a href=\"https:\/\/people.epfl.ch\/sandra.hunsch\" target=\"_blank\" rel=\"noreferrer noopener\">Sandra H\u00fcnsch<\/a><\/figcaption><\/figure>\n<\/figure>\n<\/div>\n\n\n\n<div class=\"wp-block-group alignfull has-background-background-color has-background is-layout-constrained wp-block-group-is-layout-constrained\" id=\"directions\">\n<h2 class=\"wp-block-heading has-text-align-center\">Directions<\/h2>\n\n\n\n<p class=\"has-text-align-center\">If you&#8217;re flying in,&nbsp;<a href=\"http:\/\/www.gva.ch\/en\/desktopdefault.aspx\">Gen\u00e8ve-Cointrin<\/a>&nbsp;is the nearest international airport. By train, it takes ~45 minutes to reach Lausanne. Z\u00fcrich Airport is about ~2.5 hours away by train. To get information on train schedules, please see the&nbsp;<a href=\"https:\/\/www.sbb.ch\/en\/\">Swiss Rail website<\/a>.<\/p>\n\n\n\n<p class=\"has-text-align-center\">To reach the SuRI venue( BC building &#8211; room BC 05)  from the EPFL M1 metro station, please check the map below.<\/p>\n\n\n\n<iframe loading=\"lazy\" src=\"https:\/\/map.geo.admin.ch\/embed.html?lang=en&amp;topic=ech&amp;bgLayer=ch.swisstopo.swissimage&amp;layers=ch.swisstopo.zeitreihen,ch.bfs.gebaeude_wohnungs_register,ch.bav.haltestellen-oev,ch.swisstopo.swisstlm3d-wanderwege,ch.astra.wanderland-sperrungen_umleitungen,KML%7C%7Chttps:%2F%2Fpublic.geo.admin.ch%2Fapi%2Fkml%2Ffiles%2FufptCpQrSi-6OFcKPJkT7A&amp;layers_opacity=1,1,1,0.8,0.8,1&amp;layers_visibility=false,false,false,false,false,true&amp;layers_timestamp=18641231,,,,,&amp;E=2533059.60&amp;N=1152417.28&amp;zoom=10\" width=\"75%\" height=\"600px\" frameborder=\"0\" style=\"border:0; justify-content: center;\" allow=\"geolocation\" class=\"map\"><\/iframe>\n<\/div>\n\n\n\n<div class=\"wp-block-group alignfull is-layout-constrained wp-container-core-group-is-layout-2ca00496 wp-block-group-is-layout-constrained\" id=\"archive\" style=\"padding-top:var(--wp--preset--spacing--60);padding-right:var(--wp--preset--spacing--60);padding-bottom:var(--wp--preset--spacing--60);padding-left:var(--wp--preset--spacing--60)\">\n<h2 class=\"wp-block-heading has-text-align-center\">Archives<\/h2>\n\n\n\n<p class=\"has-text-align-center\">EPFL&#8217;s Summer Research Institute has a long and successful history. For more information on past editions of the event refer to the links below.<\/p>\n\n\n\n<p class=\"has-text-align-center\"><a href=\"https:\/\/suri.epfl.ch\/?page_id=988\" data-type=\"page\" data-id=\"988\">2024 <\/a>&#8211;<a href=\"\/wp-content\/oldsite\/2023\/index.html\"> 2023<\/a> &#8211; <a href=\"\/wp-content\/oldsite\/2022\/index.html\" data-type=\"link\" data-id=\"\/wp-content\/oldsite\/2022\/index.html\">2022<\/a>&nbsp;&#8211;&nbsp;<a href=\"\/wp-content\/oldsite\/2020\/index.html\" data-type=\"link\" data-id=\"\/wp-content\/oldsite\/2020\/index.html\">2020<\/a>&nbsp;&#8211;&nbsp;<a href=\"\/wp-content\/oldsite\/2019\/index.html\" data-type=\"link\" data-id=\"\/wp-content\/oldsite\/2019\/index.html\">2019<\/a>&nbsp;&#8211;&nbsp;<a href=\"\/wp-content\/oldsite\/2018\/index.html\" data-type=\"link\" data-id=\"\/wp-content\/oldsite\/2018\/index.html\">2018<\/a>&nbsp;&#8211;&nbsp;<a href=\"\/wp-content\/oldsite\/2017\/index.html\" data-type=\"link\" data-id=\"\/wp-content\/oldsite\/2017\/index.html\">2017<\/a>&nbsp;&#8211;&nbsp;<a href=\"http:\/\/suri-past.epfl.ch\/start\">2016<\/a>&nbsp;&#8211;&nbsp;<a href=\"http:\/\/suri-past.epfl.ch\/past\/2015\">2015<\/a>&nbsp;&#8211;&nbsp;<a href=\"http:\/\/suri-past.epfl.ch\/past\/2014\">2014<\/a>&nbsp;&#8211;&nbsp;<a href=\"http:\/\/suri-past.epfl.ch\/past\/2013\">2013<\/a>&nbsp;&#8211;&nbsp;<a href=\"http:\/\/suri-past.epfl.ch\/past\/2012\">2012<\/a>&nbsp;&#8211;&nbsp;<a href=\"http:\/\/suri-past.epfl.ch\/past\/2011\">2011<\/a>&nbsp;&#8211;&nbsp;<a href=\"http:\/\/suri-past.epfl.ch\/past\/2010\">2010<\/a>&nbsp;&#8211;&nbsp;<a href=\"http:\/\/suri-past.epfl.ch\/past\/2009\">2009<\/a> &#8211; <a href=\"http:\/\/suri-past.epfl.ch\/past\/2008\">2008<\/a>&nbsp;&#8211;&nbsp;<a href=\"http:\/\/suri-past.epfl.ch\/past\/2007\">2007<\/a>&nbsp;&#8211;&nbsp;<a href=\"http:\/\/suri-past.epfl.ch\/past\/2006\">2006<\/a>&nbsp;&#8211;&nbsp;<a href=\"http:\/\/suri-past.epfl.ch\/past\/2005\">2005<\/a>&nbsp;&#8211;&nbsp;<a href=\"http:\/\/suri-past.epfl.ch\/past\/2004\">2004<\/a>&nbsp;&#8211;&nbsp;<a href=\"http:\/\/suri-past.epfl.ch\/past\/2003\">2003<\/a>&nbsp;&#8211;&nbsp;<a href=\"http:\/\/suri-past.epfl.ch\/past\/2002\">2002<\/a>&nbsp;&#8211;&nbsp;<a href=\"http:\/\/suri-past.epfl.ch\/past\/2001\">2001<\/a>&nbsp;&#8211;&nbsp;<a href=\"http:\/\/suri-past.epfl.ch\/past\/2000\">2000<\/a><\/p>\n<\/div>\n\n\n\n<figure class=\"wp-block-image alignfull size-large bigImage\"><img decoding=\"async\" src=\"\/wp-content\/uploads\/2023\/02\/epfl-aerial.jpg\" alt=\"\"\/><\/figure>\n","protected":false},"excerpt":{"rendered":"<p>EPFL School of Computer and Communication Sciences Summer Research Institute 2024 on Systems, Security, and Privacy July 11th \u2013 July<span class=\"more-dots\">&#8230;<\/span><\/p>\n","protected":false},"author":1,"featured_media":28,"parent":0,"menu_order":0,"comment_status":"closed","ping_status":"closed","template":"page-templates\/no-sidebar-no-title.php","meta":{"footnotes":""},"class_list":["post-88","page","type-page","status-publish","has-post-thumbnail","hentry","no-post-thumbnail"],"_links":{"self":[{"href":"https:\/\/suri.epfl.ch\/index.php?rest_route=\/wp\/v2\/pages\/88","targetHints":{"allow":["GET"]}}],"collection":[{"href":"https:\/\/suri.epfl.ch\/index.php?rest_route=\/wp\/v2\/pages"}],"about":[{"href":"https:\/\/suri.epfl.ch\/index.php?rest_route=\/wp\/v2\/types\/page"}],"author":[{"embeddable":true,"href":"https:\/\/suri.epfl.ch\/index.php?rest_route=\/wp\/v2\/users\/1"}],"replies":[{"embeddable":true,"href":"https:\/\/suri.epfl.ch\/index.php?rest_route=%2Fwp%2Fv2%2Fcomments&post=88"}],"version-history":[{"count":129,"href":"https:\/\/suri.epfl.ch\/index.php?rest_route=\/wp\/v2\/pages\/88\/revisions"}],"predecessor-version":[{"id":1181,"href":"https:\/\/suri.epfl.ch\/index.php?rest_route=\/wp\/v2\/pages\/88\/revisions\/1181"}],"wp:featuredmedia":[{"embeddable":true,"href":"https:\/\/suri.epfl.ch\/index.php?rest_route=\/wp\/v2\/media\/28"}],"wp:attachment":[{"href":"https:\/\/suri.epfl.ch\/index.php?rest_route=%2Fwp%2Fv2%2Fmedia&parent=88"}],"curies":[{"name":"wp","href":"https:\/\/api.w.org\/{rel}","templated":true}]}}